a composite number?
False
Is 1717405 a composite number?
True
Is 78079 a prime number?
True
Is 9529 a prime number?
False
Is 120223 a composite number?
False
Is 51109 composite?
False
Is 15859 composite?
False
Is 187027 composite?
False
Is 144281 prime?
False
Is 40423 a composite number?
False
Is 94421 prime?
True
Is 1235239 a prime number?
True
Is 91046 a composite number?
True
Is 1839743 a prime number?
True
Is 201233 a composite number?
False
Is 229339 a prime number?
False
Is 10643 a prime number?
False
Is 36794 prime?
False
Is 443 a prime number?
True
Is 121639 a composite number?
True
Is 39521 prime?
True
Is 639451 a prime number?
True
Is 83653 a composite number?
False
Is 305429 prime?
False
Is 10099 a composite number?
False
Is 229373 composite?
False
Is 3711 a composite number?
True
Is 332191 a composite number?
False
Is 311 prime?
True
Is 56326 composite?
True
Is 94747 prime?
True
Is 366361 a composite number?
True
Is 25841 a prime number?
True
Is 3259 composite?
False
Is 30497 composite?
False
Is 1082 composite?
True
Is 161281 a prime number?
True
Is 3371 prime?
True
Is 130171 composite?
False
Is 3545 composite?
True
Is 17647 composite?
True
Is 7123379 composite?
False
Is 2477 a prime number?
True
Is 6337 a composite number?
False
Is 68093 a prime number?
False
Is 16041 prime?
False
Is 492019 a prime number?
False
Is 177209 composite?
False
Is 361189 a prime number?
False
Is 68711 composite?
False
Is 5218 composite?
True
Is 5583 a prime number?
False
Is 865 a composite number?
True
Is 39821 composite?
False
Is 507289 prime?
True
Is 158489 composite?
False
Is 451289 a composite number?
True
Is 212137 a composite number?
True
Is 13799 composite?
False
Is 45767 a composite number?
False
Is 1398533 a prime number?
False
Is 26857 prime?
False
Is 54898 a composite number?
True
Is 9014 a composite number?
True
Is 76303 composite?
False
Is 16382 a composite number?
True
Is 8207 a composite number?
True
Is 147283 a composite number?
False
Is 840859 a composite number?
False
Is 11159 a prime number?
True
Is 73921 prime?
False
Is 278387 a prime number?
True
Is 2321 composite?
True
Is 13523 a composite number?
False
Is 18053 a prime number?
False
Is 431 composite?
False
Is 30111 a composite number?
True
Is 1657 a composite number?
False
Is 8651 a composite number?
True
Is 606113 composite?
False
Is 626809 prime?
True
Is 193003 prime?
True
Is 821 composite?
False
Is 329 composite?
True
Is 272959 prime?
True
Is 738901 a composite number?
True
Is 3737 composite?
True
Is 5327 composite?
True
Is 1176017 composite?
True
Is 34115 a composite number?
True
Is 93919 prime?
False
Is 261577 composite?
False
Is 51751 composite?
True
Is 28555 a composite number?
True
Is 18899 prime?
True
Is 4153 a prime number?
True
Is 99553 composite?
True
Is 13963 composite?
False
Is 26453 a composite number?
True
Is 1209931 a prime number?
True
Is 11213 composite?
False
Is 14857 a prime number?
False
Is 2229 a prime number?
False
Is 12193 a composite number?
True
Is 2237 composite?
False
Is 560281 composite?
False
Is 9377 a prime number?
True
Is 6427 a prime number?
True
Is 1403 prime?
False
Is 270089 prime?
False
Is 554951 a prime number?
True
Is 11981 a composite number?
False
Is 3149 a composite number?
True
Is 8501 prime?
True
Is 12601 prime?
True
Is 67085 a prime number?
False
Is 21731 prime?
False
Is 181169 a prime number?
False
Is 637183 prime?
False
Is 2006033 a composite number?
False
Is 15503 composite?
True
Is 119389 a prime number?
True
Is 5779 a prime number?
True
Is 28073 a composite number?
True
Is 184153 a prime number?
True
Is 43597 prime?
True
Is 10519 a composite number?
True
Is 726611 prime?
True
Is 158489 a prime number?
True
Is 529 prime?
False
Is 63889 a prime number?
False
Is 12437 a composite number?
False
Is 3665 prime?
False
Is 901 prime?
False
Is 1543 composite?
False
Is 3037 composite?
False
Is 54155 a composite number?
True
Is 258257 composite?
True
Is 1419745 prime?
False
Is 991 a prime number?
True
Is 215051 a composite number?
False
Is 9598 a prime number?
False
Is 5923 a prime number?
True
Is 4195 prime?
False
Is 17897 prime?
False
Is 254053 a composite number?
False
Is 26183 a composite number?
False
Is 22853 a prime number?
True
Is 12277 a prime number?
True
Is 287047 prime?
True
Is 5737 composite?
False
Is 127637 composite?
False
Is 1889 a composite number?
False
Is 317587 a prime number?
True
Is 345739 prime?
True
Is 137451 a prime number?
False
Is 369659 a composite number?
False
Is 39961 prime?
False
Is 88307 composite?
True
Is 40747 composite?
True
Is 419261 composite?
False
Is 154469 prime?
False
Is 16439 composite?
True
Is 1132063 a prime number?
True
Is 80381 a prime number?
False
Is 737017 composite?
False
Is 731 composite?
True
Is 257267 composite?
True
Is 532373 a composite number?
False
Is 1678 a prime number?
False
Is 70489 prime?
True
Is 16843 a prime number?
True
Is 11777 composite?
False
Is 39635 a prime number?
False
Is 1801 prime?
True
Is 549317 composite?
True
Is 2660783 a prime number?
True
Is 316339 composite?
False
Is 5287 prime?
False
Is 351409 a prime number?
False
Is 71663 composite?
False
Is 1395839 a composite number?
False
Is 1847 prime?
True
Is 40969 composite?
True
Is 615101 a composite number?
False
Is 12353 a prime number?
False
Is 4583 a composite number?
False
Is 39 prime?
False
Is 13591 a prime number?
True
Is 39971 prime?
True
Is 130043 a prime number?
True
Is 35363 a composite number?
False
Is 189641 prime?
False
Is 27149 a prime number?
False
Is 73687 composite?
True
Is 1059059 a composite number?
False
Is 28895 a composite number?
True
Is 910705 a prime number?
False
Is 23915 a composite number?
True
Is 2140081 a composite number?
True
Is 8779 a prime number?
True
Is 51827 prime?
True
Is 99319 a composite number?
True
Is 14179 composite?
True
Is 1637 prime?
True
Is 168289 composite?
True
Is 511327 a prime number?
True
Is 39815 composite?
True
Is 376769 a composite number?
False
Is 701 a composite number?
False
Is 3389 composite?
False
Is 98057 a composite number?
False
Is 619967 a composite number?
False
Is 78227 a composite number?
True
Is 41281 composite?
False
Is 157393 prime?
True
Is 301571 prime?
False
Is 5554 composite?
True
Is 4406498 a prime number?
False
Is 5791 a prime number?
True
Is 8053 composite?
False
Is 1411 a prime number?
False
Is 89153 prime?
True
Is 1277 prime?
True
Is 2226899 a prime number?
True
Is 87179 prime?
True
Is 135313 a prime number?
False
Is 31631 composite?
True
Is 40681 composite?
True
Is 40999 prime?
False
Is 7639 a prime number?
True
Is 5226551 prime?
False
Is 180157 a prime number?
False
Is 7817 composite?
False
Is 1637509 a prime number?
False
Is 25577 prime?
True
Is 89269 a prime number?
True
Is 2482745 composite?
True
Is 63113 prime?
True
Is 112643 prime?
True
Is 1064878 composite?
True
Is 28777 a composite number?
True
Is 68041 a prime number?
True
Is 31531 prime?
True
Is 13045 composite?
True
Is 188197 composite?
False
Is 673 prime?
True
Is 907 composite?
False
Is 19819 composite?
False
Is 97499 composite?
False
Is 271753 a composite number?
False
Is 2707 composite?
False
Is 2275043 composite?
False
Is 14369 a prime number?
True
Is 695 a composite number?
True
Is 886 a prime number?
False
Is 3899 prime?
False
Is 39703 a prime number?
True
Is 151859 a prime number?
False
Is 65891 composite?
True
Is 82439 a composite number?
True
Is 215051 prime?
True
Is 9767 a composite number?
False
Is 18671 a composite number?
False
Is 10427 a prime number?
True
Is 3450007 a composite number?
True
Is 121039 a prime number?
True
Is 86813 a prime number?
True
Is 37171 composite?
False
Is 23843 a prime number?
False
Is 89173 a composite number?
True
Is 61781 prime?
True
Is 70258 composite?
True
Is 127 a composite number?
False
Is 956467 a composite number?
True
Is 90399 composite?
True
Is 24953 a prime number?
True
Is 10301 prime?
True
Is 117529 composite?
False
Is 83023 prime?
True
Is 16387 composite?
True
Is 700301 composite?
True
Is 266521 a composite number?
False
Is 8731301 prime?
True
Is 9511 composite?
False
Is 3958583 a prime number?
True
Is 190697 a composite number?
True
Is 4139 composite?
False
Is 10942 composite?
True
Is 41341 a prime number?
True
Is 5269 a pr